0. Let a = y - -4. Calculate the highest common divisor of 3 and a.
3
Let t(v) = 7*v**2 - 2. Suppose d + 1 = 3. Let s be t(d). Suppose -1703 = -78*o + 1339. Calculate the greatest common divisor of s and o.
13
Let m(o) = -5*o + 8. Let z be m(1). Suppose -4*l + 9 = -z. Let i be -53*(3 - (7 - l)). What is the highest common factor of 583 and i?
53
Let z(j) = -j**3 - 8*j**2 - 12*j + 7. Let m(t) = -3*t**2 + 10*t + 1. Let u be m(4). Let d be z(u). What is the greatest common divisor of 126 and d?
42
Let p(l) = l**3 + 10*l**2 + 21*l + 5. Let g be (-1048)/152 + (-2)/19. Let j be p(g). Calculate the highest common factor of 5 and j.
5
Let a = -8421 - -8461. Let n = -4 + 10. Suppose -k - n = -a. What is the highest common factor of 17 and k?
17
Let o = 882 + -841. Suppose o*m + 48 = 42*m. Calculate the greatest common divisor of 12 and m.
12
Let g = 288 - -395. Suppose i + g = 3*o, 4*o - 1018 + 110 = 4*i. Calculate the highest common factor of 532 and o.
76
Let a(w) = -2*w**3 + 51*w**2 + 25*w + 26. Let g be a(26). Suppose g = -p - 13*r + 16*r + 31, 0 = -2*r - 8. What is the greatest common divisor of p and 171?
19
Suppose -13 = -4*y - 21, -2*x + 2*y + 242 = 0. What is the highest common divisor of x and 1003?
17
Suppose -s + 34 = -5. Suppose -5*g + 5*k + 1929 = -871, -6 = -2*k. Let b = g - 537. What is the highest common divisor of b and s?
13
Let s be 5*21/35 + -98. Let r = s + 109. Calculate the greatest common factor of r and 21.
7
Suppose -n = -5*z - 0*z - 96, 308 = 4*n - z. Let v = 10688 - 10669. Calculate the greatest common factor of v and n.
19
Suppose 6*i - 22 = -16*i. Let d be (4*i)/(-9 + 10). Calculate the greatest common divisor of 14 and d.
2
Let j = 35443 + -19343. What is the greatest common factor of 115 and j?
115
Let u(s) = s**3 + 15*s**2 + 21*s + 90. Let y be u(-8). Calculate the greatest common factor of 20 and y.
10
Suppose 30 = 2*z - z + 5*l, l - 101 = -4*z. Calculate the greatest common factor of z and 129.
1
Let m(p) = 3*p**3 - 10*p**2 + 28*p + 5. Let k be m(6). Suppose -3*b - 86 = -k. Calculate the greatest common divisor of 15 and b.
5
Let i(b) = 3*b - 36. Let p be i(12). Suppose 2*j + o = -p*j + 1541, -5*j = -5*o - 3845. Let g = j + -495. What is the greatest common divisor of 25 and g?
25
Suppose -3*n - 3*n = 4590. Let v be ((-1)/(-3))/(-9 - 6890/n). Calculate the greatest common factor of 9 and v.
3
Let k(y) = -28*y + 20. Let w be k(-5). Suppose -3*q - w = -8*q. What is the greatest common divisor of q and 64?
32
Let i = 1254 - 1235. Let r(h) = -11*h - 70. Let a be r(-15). Calculate the greatest common factor of a and i.
19
Suppose -227 = -5*k + 3*q, -4*q - 120 - 106 = -5*k. Let a = 1575 - 1069. Calculate the highest common divisor of k and a.
46
Let k(o) = 2*o + 7. Let m be k(-2). Let u be 7*m/(-6)*144/(-1). What is the greatest common divisor of 56 and u?
56
Suppose -2*p + 3 = -p. Suppose 8 = -346*u + 338*u. Let n be p/(-3) - 55/u. What is the highest common factor of 6 and n?
6
Let m(f) be the first derivative of 37 + 4*f - 11/2*f**2. Let u be m(-4). What is the highest common divisor of u and 12?
12
Let y = 20 + -15. Suppose y*p - 68 = p - 2*o, 82 = 4*p - 5*o. Suppose -3*k - p = -l - 0*l, 5*l - 34 = k. Calculate the highest common divisor of 15 and l.
3
Suppose 5*z - 303 = 22. Suppose -3*p + z = -2*v, p + 3*p + 5*v = 102. Suppose -5*b + 138 = -4*b. What is the greatest common divisor of p and b?
23
Let o = -30599 - -30741. Calculate the highest common factor of o and 23572.
142
Let o be -15*(-2)/15 - -185. Calculate the highest common factor of 5423 and o.
187
Let z be (-1 - -2)*218 - -3. Let v be ((-21)/(-6))/(8/16)*1. Suppose 11 = u + m, -v*m - 43 = -3*u - 5*m. Calculate the greatest common divisor of u and z.
13
Suppose 0 = v - 0*v - 8. Let a be 99*-5*(-12)/(-30). Let s = -126 - a. Calculate the greatest common factor of s and v.
8
Suppose 0 = -97*k + 99*k - 5*f - 567, 853 = 3*k - 5*f. Calculate the highest common divisor of 165 and k.
11
Let b = 18 + -16. Let g be ((-3)/b)/(19/(-228)). Let o(y) = -y**2 + 46*y - 403. Let d be o(23). What is the greatest common divisor of g and d?
18
Suppose -188 = -5*l - 2*u, 2*l + 16*u - 92 = 11*u. What is the greatest common divisor of l and 3177?
9
Let u be 24/(-108) + (-7495)/9. Let f be (-17)/(u/(-14)) - (-947)/7. Calculate the highest common factor of f and 18.
9
Suppose -181*n + 179418 + 2578983 = 180*n. What is the highest common divisor of 81 and n?
27
Let i(t) = -2*t + 16. Suppose -49*u + 35*u = 70. Let j be i(u). What is the greatest common divisor of j and 39?
13
Let p = 61 + -57. Suppose 0 = -4*z - 5*t + 100 + 23, p*t + 132 = 4*z. What is the highest common divisor of z and 8?
8
Suppose 0 = d + 207*l - 211*l - 50, -5*d - l = -19. Let o = 73 - 19. What is the greatest common divisor of d and o?
6
Suppose -6*b + b = 2*q - 68, b = 4. Let g = q - 23. Let t be 19/(-4)*(-7 - g/1). Calculate the highest common factor of 95 and t.
19
Let p(t) = -2*t + 28. Let m be p(12). Let s be 1*m - (-8 - -5). Suppose s*d + 64 = 11*d. Calculate the highest common divisor of 176 and d.
16
Let l(k) = k**3 - 63*k**2 + 12*k - 722. Let q be l(63). What is the highest common factor of q and 221?
17
Suppose -66*o = 3511 - 20341. Calculate the highest common divisor of 170 and o.
85
Let n(j) = -j**2 - 17*j - 10. Let z be n(-16). Suppose z*t = 1147 + 335. Calculate the highest common divisor of 13 and t.
13
Let g be ((-37)/(-7))/(-1) + 2/7. Let s(b) = -2*b**3 - 5*b**2 + 9*b - 8. Let r be s(g). Suppose 13*y - 12*y = r. Calculate the highest common factor of y and 8.
8
Let o(t) = -2*t + 26. Let c be o(8). Let d = 693 - 323. What is the greatest common divisor of c and d?
10
Suppose 11407 = 6*m + 529. What is the greatest common factor of 784 and m?
49
Suppose 0 = -11*s - 1831 + 368. Let c = 149 + s. What is the greatest common divisor of c and 136?
8
Let d be ((-3)/9)/(7737/1935 + -4). Let u = d - 150. Calculate the highest common divisor of u and 104.
13
Suppose 26*b - 7*b + 29165 = 0. Suppose 3*l = -0*z - 2*z - 3050, 4*z = 8. Let g = l - b. Calculate the greatest common divisor of g and 47.
47
Let t = -5016 + 7221. What is the greatest common factor of t and 84?
21
Suppose -40017 + 11829 = -75*i - 12*i. What is the greatest common divisor of i and 4941?
81
Let y(f) = -f**2 + 11*f + 182. Let m be y(19). What is the greatest common factor of 190 and m?
10
Suppose 4*r - 188 = -4*g, -3*r = -g - 103 - 54. What is the highest common factor of 36 and r?
3
Let l(n) = 428*n + 19327. Let u be l(31). Calculate the greatest common divisor of 15 and u.
15
Let f = 1100 - 1058. What is the greatest common divisor of f and 3885?
21
Suppose 0 = -18*k + 117*k - 23958. What is the greatest common factor of k and 7139?
121
Let y = -82 + 112. Let z(o) = -2*o**3 + 7*o**2 + 6*o - 2. Let b be z(4). Calculate the highest common factor of b and y.
6
Let c(y) = y**3 - 15*y**2 + 19*y + 5. Let b be c(14). Let s = -47 + b. Let x = 94 - s. Calculate the highest common divisor of 22 and x.
22
Suppose -2*k = -c + 104, c = -7*k + 12*k + 104. Suppose 3*s = -2*s - 3*t + 183, c = 3*s - 4*t. Calculate the highest common divisor of 63 and s.
9
Suppose -8*v = -12*v - 57*v + 3965. Calculate the greatest common divisor of v and 754.
13
Let q(d) = -11*d**2 + 8*d - 21. Let i be q(2). Let s be i/(-21) + 12/(-9) + 0. Calculate the highest common factor of s and 73.
1
Suppose -5*m + 4*v = -3146, 3*m - v - 1886 = v. Let t = -586 + m. Calculate the highest common factor of t and 200.
40
Let k(f) = 11*f**3 + f**2 - 1. Let o be k(2). Suppose -3*y - 8*y + 715 = 0. Suppose -y - 65 = -10*h. Calculate the highest common divisor of o and h.
13
Let r(s) be the third derivative of 17*s**4/24 - 56*s**3/3 + 2*s**2 + 2. Let f be r(14). What is the highest common factor of 72 and f?
18
Let a = -9 - -15. Let s(i) = i**2 - 30*i + 192. Let w be s(21). Let h = a + w. What is the highest common divisor of h and 45?
9
Let u(l) = 288*l + 5416. Let g be u(-18). Calculate the greatest common divisor of 856 and g.
8
Suppose 0 = -3*o + 5*o + 4, 0 = 3*l - 5*o - 235. Suppose -5*t - 75 = -300. What is the greatest common factor of l and t?
15
Suppose -217*b + 159826 = -544773. What is the highest common factor of b and 17?
17
Suppose -7*c + 83 - 6 = 0. Let g be 55/c*4/5.